*3 - 5*o**2 - 7*o + 3. Let z be p(6). Let h = 7 + z. Suppose 133 = 4*n + 5*f, h*f - 3*f - 32 = -n. Calculate the remainder when 80 is divided by n.
26
What is the remainder when (-4)/6*11*(-27)/2 is divided by 34?
31
Suppose 3*y = -80 - 19. Let d be 4 + -2 + -2 + -10. Let l = d - y. What is the remainder when l is divided by 8?
7
Suppose -3*y = j - 1, 5*y = -3*j + 20 - 5. Suppose -5*b = -4*o + 38, 3*o - 2*o - b = j. What is the remainder when 22 is divided by o?
10
Suppose 5*t = -2*v - 18, 3*v + v = 3*t + 16. What is the remainder when ((-62)/t - 1)*2 is divided by 15?
14
Let q = -7 + 39. Let a be q + -2*1 + 1. Let f = a + -13. Calculate the remainder when f is divided by 10.
8
Let o = 45 + -39. Calculate the remainder when 10 is divided by o.
4
Let n = -13 + 15. What is the remainder when (2*-1)/(11 - 12) is divided by n?
0
Suppose -3*v = -198 - 45. Suppose -v = -4*t + 19. What is the remainder when t is divided by 14?
11
Let y be (-225)/6 - (-2)/4. Let u = -155 - y. What is the remainder when 27 is divided by u/(-8) - (-1)/4?
12
Let j be 34/8 - 6/(-8). Let x = 10 - j. What is the remainder when x is divided by 3?
2
Let a be (2/(-4))/((-2)/24). Suppose -a - 4 = -5*u. Suppose -20 = b - u*b. What is the remainder when b is divided by 11?
9
What is the remainder when 21 is divided by (-34)/(-9) - (-2)/9?
1
Suppose -30 - 92 = -2*p. What is the remainder when p is divided by 21?
19
Let k = -41 - -101. Let f = 332 - 311. Calculate the remainder when k is divided by f.
18
Let l(b) = 20*b**2 - 5*b - 14. Let s(w) = 7*w**2 - 2*w - 5. Let v(n) = -6*l(n) + 17*s(n). Calculate the remainder when 3 is divided by v(-3).
1
Suppose 0 = w - 5*x, 0 = 2*w + 2*x - 4*x. Suppose -44 = -3*g + 4*n - 14, 2*n = w. Calculate the remainder when 18 is divided by g.
8
Suppose 3*w - 141 = 3*g, 4*g - 52 = 2*w - 3*w. What is the remainder when w is divided by 26?
22
Let t = 37 - 11. Suppose -t = c - 3*c. What is the remainder when (-8)/(-28) + (-1028)/(-28) is divided by c?
11
Suppose 2*c + 32 + 2 = 0. What is the remainder when 0 + 3 - (c - -5) is divided by 9?
6
Let v(i) = 34*i**2 - 4*i + 2. What is the remainder when v(1) is divided by 12?
8
Suppose 5*r - 60 = 4*r. Suppose -4*k = -k - r. Calculate the remainder when 37 is divided by k.
17
Let y(f) = 9*f. What is the remainder when 35 is divided by y(1)?
8
Suppose 0 = -3*o + 69 + 96. Let y(g) = 3*g + 19. Calculate the remainder when o is divided by y(0).
17
Let r(l) = -46*l**3 - 2*l**2 + l + 2. What is the remainder when r(-1) is divided by 8?
5
Let n(i) = -i**2 - i + 3. Calculate the remainder when 3 is divided by n(0).
0
Calculate the remainder when 3*24/28*21 is divided by 11.
10
Suppose -128 = 2*f - 10*f. Let x(m) = -7*m + 5. What is the remainder when x(-6) is divided by f?
15
Let i(x) = x + 1. Let w be i(-5). Let b be ((-2)/(-4))/((-1)/w). Suppose b + 0 = p. Calculate the remainder when 3 is divided by p.
1
Suppose 288 = 9*x - 225. Calculate the remainder when x is divided by 138/7 + (-4)/(-14).
17
Suppose 0 = -6*q + 4*q + 26. What is the remainder when 38 is divided by q?
12
Let o = 5 - 2. Suppose -5 - 1 = -o*n, 5*k = -2*n + 64. Calculate the remainder when k is divided by (-7)/(2/(0 + -2)).
5
Let f be (1 - 1) + 0 - 3. Let b be ((-1)/f)/(1/3). Suppose -p = -2*p + b. Calculate the remainder when p is divided by 1.
0
Let h(z) = z**3 - 21*z**2 + 24*z + 1. Calculate the remainder when h(20) is divided by 21.
18
Let v(s) = s**2 + 3*s + 4. Let l be v(-3). Suppose -l = -3*q + 5. Suppose -2*f - q*f + 100 = 0. What is the remainder when 39 is divided by f?
19
Suppose 0 = -5*u + 20, -12 = 3*i + 2*u - 5*u. Suppose 209 = 5*z + w - 3*w, 2*w - 6 = i. What is the remainder when z is divided by 15?
13
Let w = 11 + -4. Let l be (1 - 0)*(2 + 3). Let d = w + l. Calculate the remainder when d is divided by 7.
5
Suppose k = -1 + 3. Suppose 3*v = -z + 19, -5*v = -4*z - 3 - 6. Let o = v + -1. What is the remainder when o is divided by k?
0
Suppose 3*j - 2*q - 86 = -1, 2*j = 4*q + 70. Calculate the remainder when 147/(-12)*-2*2 is divided by j.
24
Let t be 2*(-86)/(-8)*2. Suppose i - t - 32 = 0. What is the remainder when i is divided by 26?
23
Suppose 3*h + 16 = o, -2*o + 14 = -o - 2*h. Let n be 2/(-4) - (-7)/(-2). What is the remainder when 124/7 + n/(-14) is divided by o?
8
Suppose 0*h = -4*h + 100. Suppose -3*d + 6 = 5*v + h, -17 = -d + 3*v. Suppose j = d*j - 3. What is the remainder when 8 is divided by j?
2
Let c = -46 - -74. What is the remainder when 111 is divided by c?
27
Let q(v) be the first derivative of v**3/3 + 9*v**2/2 - 17*v + 3. Calculate the remainder when q(-12) is divided by 10.
9
Let u(p) = p**3 - 29*p**2 - 31*p + 35. Calculate the remainder when 42 is divided by u(30).
2
Suppose 0*c - 78 = -2*c + 3*r, -4*c + 5*r + 158 = 0. Let u = -25 + c. Let f = 1 + 5. Calculate the remainder when u is divided by f.
5
Suppose -113 = 4*l + 99. Let r = 138 + l. What is the remainder when r is divided by 290/15*3/2?
27
Let s be -1 + (-4)/(-4) + 2. Suppose -s*o - 2*n + 34 + 0 = 0, -n + 30 = 2*o. What is the remainder when 23 is divided by o?
10
Let q be (-273)/(-5) - (-2)/5. Suppose 4*g - q = -g. Suppose -k - 3*k + 4*j + 24 = 0, 0 = -4*j. What is the remainder when g is divided by k?
5
Let y(u) = u + 1. Let p(k) = -k**3 + 4*k**2 + k + 1. Let o be p(4). Calculate the remainder when 10 is divided by y(o).
4
Let a = 23 - -19. Calculate the remainder when a is divided by 22.
20
Calculate the remainder when 160 is divided by (-6 - (-10)/2)*-55.
50
Let v(h) = -30*h - 3 + 29*h + 4 - 2. Let w = -1 - 3. Calculate the remainder when 4 is divided by v(w).
1
Let d(u) = -3*u - 11. Calculate the remainder when 18 is divided by d(-6).
4
Let y(b) be the second derivative of -b**4/12 + b**3 + b**2/2 + b. Let i(v) = 34*v**2 + 6*v - 1. What is the remainder when i(1) is divided by y(3)?
9
Let x be (2/5)/(2/(-10)). Let c(g) = -8*g. Let m = 24 - 15. Calculate the remainder when c(x) is divided by m.
7
Let l(q) = q**3 + 10*q**2 - 2*q - 8. Calculate the remainder when 23 is divided by l(-10).
11
Let a be (-6)/(-1 + 4)*-1. Suppose -n + 66 = a*n. Let w = 15 + -7. What is the remainder when n is divided by w?
6
Calculate the remainder when 79 is divided by (369/18)/((-1)/(-2)).
38
Let s = 0 + 10. What is the remainder when s is divided by 6?
4
Suppose -90 - 170 = -4*f. Calculate the remainder when f is divided by 22.
21
Let v = 8 + 2. Let s = -64 - -93. Calculate the remainder when s is divided by v.
9
Suppose -5*o + 4*s + 219 = 29, 0 = o - 2*s - 38. Calculate the remainder when o is divided by 13.
12
Let m be 64/(-6)*63/(-14). Let g = m - 20. What is the remainder when g is divided by 10?
8
Let y(i) = i - 8. Let n be y(9). Suppose 3*c - n = 2*c, -5*f + 66 = -4*c. Let o(z) = -z. What is the remainder when f is divided by o(-8)?
6
Let v be (0 - -2) + 2 + -14. Let a = 8 - v. What is the remainder when a is divided by 10?
8
Let r(c) be the second derivative of c**3/3 - c**2/2 - 4*c. What is the remainder when 24 is divided by r(7)?
11
Suppose -y = 4*v - 29, -3*v + 33 = 2*v - 2*y. Let l be -3*2*(-2)/(-4). Let m = 15 + l. Calculate the remainder when m is divided by v.
5
Suppose -4*o = 5*r - 641, 0 = -2*o - 5*r + 282 + 41. Let d = -80 + o. What is the remainder when d is divided by 20?
19
Let w(m) = -13*m**3 + m**2 + m. Suppose 2*b + 3*b - 190 = 0. What is the remainder when b is divided by w(-1)?
12
Let z(a) = a**3 + a**2 - 3. Let q be z(0). Let u be ((-4)/5)/(q/15). Suppose -w + 2*w = u*x + 12, 5*x + 2 = -2*w. What is the remainder when 9 is divided by w?
1
Let w be (9/12)/(2/40). Suppose -4*u = -57 - w. Suppose 0 = -v + t + 3, 0 = 4*t + 2 - u. What is the remainder when 19 is divided by v?
5
Suppose 0*y = 5*t - 4*y - 46, 5*t - 2*y = 38. Calculate the remainder when 27 is divided by t.
3
Suppose 2*m - r = 6, -2*m + 1 = -5*r - 13. Let t be -5*((-68)/20 - -3). Suppose -t*q - 2*q = -20. What is the remainder when q is divided by m?
1
Suppose 0 = -4*q - j + 64, 3*q + 5*j = -13 + 44. Suppose -2*h + 4 = -h, 2*i - 2*h = 2. What is the remainder when q is divided by i?
2
Let c(x) be the first derivative of x**3/3 - x**2 + x + 3. What is the remainder when c(4) is divided by (-6)/(-27) - 75/(-27)?
0
Suppose 4*n - 2*n = 10. Let a = 1 - n. Calculate the remainder when 2 i